
False
Is 83618269 prime?
False
Is 4774379 a prime number?
True
Is 995758291 a composite number?
True
Is 34071289 a composite number?
True
Is 32473361 a composite number?
False
Is 1932317 a composite number?
False
Is 41816195 a prime number?
False
Is 18916753 prime?
False
Is 777451 a composite number?
False
Is 2598643 prime?
False
Is 541266487 a prime number?
True
Is 81234259 a composite number?
False
Is 11412131 composite?
False
Is 494185 prime?
False
Is 528347 composite?
True
Is 34202731 composite?
False
Is 6744217 prime?
True
Is 4002923 a composite number?
False
Is 306763169 composite?
True
Is 74117 composite?
True
Is 6630755 a composite number?
True
Is 208531891 a composite number?
False
Is 23212587 composite?
True
Is 525547 a prime number?
False
Is 53172001 a prime number?
True
Is 6808861 prime?
True
Is 841259 a prime number?
True
Is 10349581 prime?
False
Is 76529861 a composite number?
True
Is 1091856595 a composite number?
True
Is 7449971 prime?
True
Is 8071127 a composite number?
False
Is 7552007 a composite number?
True
Is 451527877 composite?
False
Is 7625453 prime?
False
Is 224997551 a composite number?
True
Is 4945047 a prime number?
False
Is 26590705 a prime number?
False
Is 3876253 a prime number?
True
Is 51165355 composite?
True
Is 6968723 a composite number?
False
Is 1900895 a composite number?
True
Is 41128301 a prime number?
False
Is 17608807 composite?
True
Is 23405257 prime?
True
Is 78846373 a composite number?
False
Is 4927387 a composite number?
False
Is 863983 prime?
True
Is 144299 a prime number?
True
Is 376711 a prime number?
False
Is 1740133 prime?
False
Is 201719993 composite?
True
Is 30849499 composite?
False
Is 152552234 a composite number?
True
Is 7089703 a composite number?
True
Is 157772683 a composite number?
False
Is 17243783 prime?
False
Is 201988173 a composite number?
True
Is 496733 a prime number?
True
Is 90953637 a prime number?
False
Is 105826951 composite?
False
Is 12498869 prime?
True
Is 1733623 composite?
False
Is 671589833 a prime number?
True
Is 21938057 a composite number?
False
Is 7919161 a composite number?
True
Is 779470499 a prime number?
True
Is 38369983 a prime number?
True
Is 12802669 prime?
False
Is 18778577 prime?
False
Is 11113213 prime?
True
Is 27559423 prime?
True
Is 8498899 a composite number?
True
Is 7307477 composite?
False
Is 198504349 composite?
True
Is 7749407 prime?
False
Is 48597161 prime?
True
Is 30758983 a composite number?
True
Is 52883797 composite?
False
Is 3228391 a prime number?
False
Is 38249917 prime?
False
Is 24545491 composite?
False
Is 475719 prime?
False
Is 10653943 composite?
False
Is 5218307 a composite number?
False
Is 47004857 composite?
True
Is 100522021 prime?
True
Is 19903657 a composite number?
True
Is 2323969 prime?
True
Is 65813153 prime?
False
Is 142715557 a prime number?
True
Is 1045337 a prime number?
False
Is 13284139 a prime number?
False
Is 425039 a prime number?
True
Is 41993949 prime?
False
Is 286037243 composite?
False
Is 9595423 a prime number?
True
Is 1396877533 composite?
True
Is 59847583 composite?
True
Is 26568359 a composite number?
False
Is 1252037 a composite number?
False
Is 86018957 a prime number?
False
Is 10278881 prime?
True
Is 11830069 a composite number?
True
Is 166703995 a composite number?
True
Is 351101453 prime?
True
Is 101326349 composite?
False
Is 6531617 a prime number?
True
Is 582419 a composite number?
False
Is 25052803 a composite number?
True
Is 2934851 a composite number?
True
Is 390315517 prime?
True
Is 54934661 a composite number?
True
Is 1306213 a composite number?
False
Is 10284101 composite?
False
Is 4172003 a composite number?
True
Is 47249651 a prime number?
True
Is 137966011 prime?
False
Is 10367827 a composite number?
False
Is 7398227 a prime number?
True
Is 175787 a prime number?
False
Is 1556194 a prime number?
False
Is 4500113 a prime number?
False
Is 29154401 prime?
False
Is 57977 a composite number?
False
Is 840803 a prime number?
False
Is 209140411 a composite number?
True
Is 32106667 a composite number?
False
Is 11182307 a composite number?
False
Is 31747949 prime?
True
Is 799126829 prime?
True
Is 125154179 a prime number?
False
Is 376376911 a composite number?
False
Is 1510359 prime?
False
Is 1998869 a composite number?
True
Is 10072513 a prime number?
False
Is 74141009 a prime number?
False
Is 15759943 a composite number?
False
Is 2755607 a composite number?
True
Is 6718091 composite?
True
Is 43035385 prime?
False
Is 3079751 a composite number?
False
Is 36727367 a prime number?
True
Is 149727563 a prime number?
True
Is 41958437 a prime number?
False
Is 17016497 prime?
False
Is 208759 prime?
True
Is 117392287 prime?
False
Is 5032897 a prime number?
True
Is 14461907 a composite number?
True
Is 7594031 composite?
True
Is 51282221 a prime number?
True
Is 26799791 a prime number?
True
Is 5465459 prime?
True
Is 7159247 prime?
True
Is 2504179 prime?
False
Is 3015577 prime?
True
Is 50758993 prime?
True
Is 363049121 a prime number?
False
Is 27756317 a composite number?
True
Is 45744887 a prime number?
False
Is 1387378 a composite number?
True
Is 447455 prime?
False
Is 279914827 a prime number?
False
Is 1401047 a composite number?
True
Is 10009019 a prime number?
True
Is 59890427 prime?
True
Is 5799443 prime?
False
Is 6582399 prime?
False
Is 11879113 a composite number?
False
Is 5958749 composite?
False
Is 591493 prime?
False
Is 1928279 composite?
True
Is 2573311 composite?
True
Is 1049182 prime?
False
Is 2196479 composite?
True
Is 10323983 composite?
False
Is 74379559 a composite number?
False
Is 21895267 composite?
False
Is 114063567 a composite number?
True
Is 79015997 a composite number?
True
Is 57402713 a prime number?
True
Is 91825343 a composite number?
False
Is 35562017 a prime number?
True
Is 48551971 prime?
False
Is 40681499 a composite number?
False
Is 2269889 a prime number?
True
Is 7560769 a prime number?
False
Is 4436359 a composite number?
False
Is 14191357 a prime number?
True
Is 34221253 prime?
False
Is 55638598 prime?
False
Is 8757421 prime?
False
Is 16348051 prime?
True
Is 9494557 a prime number?
True
Is 10014707 prime?
False
Is 85690351 a composite number?
False
Is 600838711 prime?
False
Is 390647 a prime number?
True
Is 2039239 composite?
True
Is 2271581 a prime number?
False
Is 59233541 a composite number?
False
Is 3082697 a composite number?
False
Is 4350287 a prime number?
True
Is 47430653 a prime number?
True
Is 70450571 prime?
True
Is 83964967 composite?
False
Is 468198439 a prime number?
True
Is 46783859 a composite number?
False
Is 294391543 a prime number?
True
Is 14547439 composite?
False
Is 49690583 prime?
True
Is 989477 prime?
True
Is 15655701 a composite number?
True
Is 5260029 a composite number?
True
Is 17640121 prime?
True
Is 16670839 prime?
False
Is 22353151 a composite number?
True
Is 110672621 composite?
True
Is 12201791 a prime number?
False
Is 284128151 a composite number?
False
Is 58400533 a prime number?
True
Is 81803 prime?
False
Is 647327 prime?
True
Is 384799 prime?
False
Is 1014941 composite?
False
Is 8568067 composite?
True
Is 70911031 prime?
False
Is 3318703 a prime number?
True
Is 15752441 a composite number?
False
Is 1237129 prime?
True
Is 81090437 prime?
False
Is 34071269 a composite number?
False
Is 1897831 a composite number?
True
Is 235769221 a composite number?
True
Is 173347 prime?
True
Is 75664898 composite?
True
Is 8317657 composite?
False
Is 51603337 composite?
False
Is 178243969 composite?
False
Is 20478677 a composite number?
False
Is 978407 a prime number?
False
Is 1693779 composite?
True
Is 21994501 prime?
False
Is 29052217 composite?
True
Is 270687499 a composite number?
True
Is 267960109 composite?
True
Is 40981921 prime?
True
Is 24705569 composite?
True
Is 227207 composite?
False
Is 5293291 composite?
False
Is 553246 prime?
False
Is 16894019 prime?
False
Is 6268137 prime?
False
Is 10062991 prime?
True
Is 88623671 a composite number?
True
Is 20358511 composite?
False
Is 36034787 a composite number?
True
Is 243881641 a prime number?
True
Is 202222243 prime?
True
Is 6001783 a composite number?
True
Is 630522787 composite?
True
Is 33851 a prime number?
True
Is 104624537 a composite number?
False
Is 980405 composite?
True
Is 15439379 a prime numbe